se
Is 35183843 composite?
False
Is 10803391 composite?
False
Is 10703669 a prime number?
False
Is 13785197 a composite number?
False
Is 18221339 composite?
False
Is 428753021 a prime number?
True
Is 11751161 a prime number?
False
Is 2499271 prime?
False
Is 1144747 a prime number?
False
Is 1358571 prime?
False
Is 154271627 a composite number?
False
Is 16779461 prime?
True
Is 11160709 composite?
True
Is 132785027 prime?
False
Is 36501757 a prime number?
True
Is 86840547 prime?
False
Is 16616459 composite?
True
Is 19026107 composite?
False
Is 5775961 a prime number?
True
Is 6273203 a prime number?
False
Is 490281091 prime?
False
Is 104596061 a prime number?
True
Is 3989953 composite?
True
Is 292381 prime?
True
Is 9335357 a prime number?
True
Is 15723443 a prime number?
True
Is 211807 a composite number?
True
Is 1860757 a prime number?
True
Is 1411003 a prime number?
False
Is 11410249 prime?
True
Is 3801289 a prime number?
False
Is 420878389 a composite number?
True
Is 2614127 prime?
False
Is 80149451 a composite number?
True
Is 30124333 prime?
True
Is 24449771 prime?
True
Is 79501217 prime?
False
Is 84292319 composite?
False
Is 4419707 prime?
False
Is 8101667 prime?
False
Is 9570733 prime?
False
Is 1218961 a composite number?
True
Is 7395991 prime?
False
Is 2072869 a composite number?
False
Is 414487 a prime number?
True
Is 3490051 composite?
False
Is 6248371 prime?
False
Is 129642113 a prime number?
True
Is 52668547 a prime number?
True
Is 1739879 a composite number?
False
Is 2057291 a prime number?
True
Is 8257063 prime?
False
Is 4987109 composite?
False
Is 343606489 a composite number?
False
Is 5291162 a composite number?
True
Is 2163431 composite?
False
Is 312685229 a prime number?
False
Is 11078547 composite?
True
Is 19422253 a prime number?
True
Is 22417643 a composite number?
True
Is 11854567 prime?
True
Is 22634338 a composite number?
True
Is 214496029 composite?
True
Is 40471351 a composite number?
False
Is 938437 prime?
True
Is 6507265 composite?
True
Is 13298789 prime?
False
Is 230835149 a composite number?
True
Is 778163 prime?
True
Is 25995579 composite?
True
Is 13281017 prime?
True
Is 8828663 composite?
False
Is 501577 a prime number?
True
Is 10553966 a composite number?
True
Is 1488293 a composite number?
True
Is 28296278 a prime number?
False
Is 22190654 prime?
False
Is 2544847 a composite number?
True
Is 104955047 prime?
True
Is 5339605 a prime number?
False
Is 3288983 a prime number?
True
Is 43516927 prime?
True
Is 21820465 composite?
True
Is 57486262 a composite number?
True
Is 11789159 prime?
True
Is 2519345 a prime number?
False
Is 100327741 a composite number?
False
Is 191862919 a prime number?
False
Is 789751 composite?
True
Is 260266007 prime?
False
Is 10485191 a prime number?
True
Is 26351737 composite?
True
Is 8616989 a composite number?
False
Is 58582369 a composite number?
False
Is 22137931 a prime number?
True
Is 1844657 prime?
False
Is 5737549 a prime number?
True
Is 48361819 composite?
True
Is 9611 a prime number?
False
Is 29326097 composite?
True
Is 1049613 a composite number?
True
Is 10583191 a prime number?
True
Is 5737153 composite?
False
Is 18747907 prime?
True
Is 1522393 prime?
False
Is 3240337 a prime number?
False
Is 1823171 composite?
True
Is 45858559 a composite number?
False
Is 15580441 a composite number?
True
Is 555049 a prime number?
False
Is 2437481 a composite number?
True
Is 926753 prime?
False
Is 312371263 composite?
True
Is 959797 prime?
False
Is 75034307 a prime number?
True
Is 270746569 a composite number?
False
Is 517537 a prime number?
False
Is 37633171 a composite number?
False
Is 3582233 a prime number?
True
Is 6065903 composite?
True
Is 1992733 a prime number?
True
Is 131704919 prime?
True
Is 3818321 a prime number?
False
Is 378020629 composite?
True
Is 10366417 a prime number?
True
Is 41491771 composite?
True
Is 11650673 a prime number?
False
Is 2168483 composite?
False
Is 10078049 prime?
True
Is 6374971 a prime number?
True
Is 14081749 composite?
True
Is 9779239 a composite number?
False
Is 32830483 prime?
False
Is 105141229 a prime number?
True
Is 7983673 a composite number?
False
Is 84813383 prime?
True
Is 10710703 prime?
True
Is 64883123 a prime number?
True
Is 41910113 a composite number?
True
Is 2491157 a composite number?
True
Is 1054427 a prime number?
False
Is 6848143 composite?
True
Is 17636417 a prime number?
True
Is 3144191 a prime number?
True
Is 67045507 a prime number?
True
Is 55127119 composite?
False
Is 622025653 a composite number?
False
Is 17957023 prime?
False
Is 1153237 prime?
True
Is 1691359 a prime number?
True
Is 6767557 a prime number?
True
Is 1754929 composite?
True
Is 11328743 prime?
True
Is 10518623 prime?
True
Is 3076141 composite?
False
Is 14688013 a composite number?
True
Is 14318281 a composite number?
True
Is 36079159 composite?
False
Is 680349869 composite?
False
Is 4041955 prime?
False
Is 3872453 prime?
False
Is 1582927 prime?
True
Is 8864371 prime?
True
Is 1029611 prime?
False
Is 4635287 a composite number?
False
Is 3585311 a prime number?
True
Is 227173391 a composite number?
False
Is 5229293 a prime number?
True
Is 1320655267 prime?
True
Is 249703 a composite number?
False
Is 1415377 composite?
False
Is 2474077 prime?
False
Is 12040331 a composite number?
False
Is 4611011 prime?
True
Is 6023686 prime?
False
Is 603149 prime?
True
Is 47694587 composite?
False
Is 152606239 prime?
False
Is 5182313 a prime number?
True
Is 19156895 a prime number?
False
Is 1092587 composite?
True
Is 11396197 prime?
True
Is 3190819 prime?
True
Is 51763 prime?
False
Is 449481 prime?
False
Is 830857 a prime number?
False
Is 144373871 a prime number?
False
Is 129147547 composite?
False
Is 25647779 a prime number?
False
Is 307859 prime?
True
Is 9274781 a composite number?
False
Is 51398455 composite?
True
Is 2302703 a composite number?
True
Is 1686273 a prime number?
False
Is 5797489 prime?
False
Is 29154563 a prime number?
True
Is 191024221 composite?
True
Is 236403319 a prime number?
True
Is 12323 prime?
True
Is 11005949 composite?
False
Is 1833539 a prime number?
False
Is 148011779 a prime number?
True
Is 71257423 a prime number?
False
Is 136335523 a prime number?
False
Is 332413 composite?
True
Is 23573111 prime?
False
Is 140263 prime?
True
Is 2000318023 a prime number?
False
Is 1889411 composite?
False
Is 1715009 a prime number?
False
Is 205324309 a prime number?
True
Is 1934597 prime?
False
Is 97417963 a composite number?
False
Is 26525297 a prime number?
True
Is 12584281 prime?
False
Is 7802371 a composite number?
True
Is 4958279 a prime number?
False
Is 11124073 a composite number?
True
Is 29332687 composite?
False
Is 16139249 prime?
False
Is 22346503 a composite number?
True
Is 14612239 prime?
False
Is 3178941 prime?
False
Is 59205637 a prime number?
True
Is 4478189 a prime number?
True
Is 82963069 a prime number?
False
Is 11778911 prime?
True
Is 17319703 prime?
True
Is 1231897 prime?
False
Is 15180331 composite?
False
Is 40423003 prime?
False
Is 554527 composite?
False
Is 71207401 a prime number?
True
Is 3486059 a composite number?
False
Is 198494515 prime?
False
Is 117307 a prime number?
True
Is 13016587 composite?
False
Is 2837581 composite?
False
Is 21271121 composite?
True
Is 129503459 prime?
False
Is 384728173 prime?
False
Is 9598451 a prime number?
True
Is 52373077 a prime number?
True
Is 3362971 a composite number?
False
Is 5834747 a prime number?
False
Is 100249 a composite number?
True
Is 32343277 a prime number?
True
Is 1459397 a prime number?
False
Is 17570653 prime?
True
Is 126674069 a composite number?
False
Is 1860479 a composite number?
False
Is 9354157 a prime number?
False
Is 30818071 a prime number?
True
Is 752251 a composite number?
False
Is 7669843 a prime number?
True
Is 39391549 a composite number?
False
Is 1608107 a prime number?
True
Is 15891409 prime?
False
Is 5867079 composite?
True
Is 34959209 a composite number?
True
Is 4320833 prime?
False
Is 10957631 prime?
True
Is 21489089 composite?
True
Is 2136001 a prime number?
False
Is 228924199 a prime number?
False
Is 34231 composite?
False
Is 43000187 composite?
True
Is 4471369 a composite number?
True
Is 43564973 composite?
False
Is 25971619 a prime number?
True
Is 17725517 prime?
False
Is 24